 13
Let b(w) = -4*w + 1. Let o be b(-1). Suppose a - 4*y = 15, 3*y = 2*a - 2*y - 24. Let f = o + a. List the prime factors of f.
2, 3
Let d(a) = -95*a + 2. Let r be d(-1). Suppose r - 23 = 2*p. List the prime factors of p.
37
Let v(a) = a**3 + a**2 - 2*a + 3. Let t be v(-3). Let c(b) = b**2 + 9*b + 11. List the prime factors of c(t).
11
Suppose -q - 16 = 3. Let c = 40 + q. What are the prime factors of c?
3, 7
Let x be (0 - 2) + 5 + -7. Let l be ((-8)/2)/(1/(-2)). Let f = x + l. List the prime factors of f.
2
Let c be (-2)/5*(-71 - 4). Suppose -4*k = t - 6*t + c, -3*t + 55 = 5*k. What are the prime factors of t?
2, 5
Let v(x) = -5 - 3*x + 5*x + x + 0. What are the prime factors of v(5)?
2, 5
Suppose 176 = 8*f - 64. List the prime factors of f.
2, 3, 5
Let d = -78 - -127. List the prime factors of d.
7
Let s = 12 + -9. What are the prime factors of s?
3
Let d(o) = -2*o**3 - 4*o**2 - 4. Suppose -j + 3 = -2*i, -2*j - 5*i - 24 + 3 = 0. Let z be d(j). List the prime factors of 2/7 - (-66)/z.
5
Suppose 0 = x - 5 + 3. What are the prime factors of x?
2
Suppose -4*h + 213 + 199 = 0. List the prime factors of h.
103
Suppose -2*q + q = -2*d + 9, 4*d + 5*q + 3 = 0. List the prime factors of d.
3
Suppose -3*n + 196 = 5*p, 0 = 4*n + p - 82 - 185. What are the prime factors of n?
67
Suppose 2*s - 124 = -0*s. Suppose 3*t = t + s. List the prime factors of t.
31
Let f(s) = 2*s**2 + 2*s. Let t be f(-2). Suppose -t*d = -2*d. List the prime factors of -9*((-2)/3 + d).
2, 3
Suppose -13 = -4*i + 7. What are the prime factors of i?
5
Let g = -110 + 109. Let j(w) = 6 - 3 - 2 - 3*w. What are the prime factors of j(g)?
2
What are the prime factors of 1*(-2)/(-1) - -6?
2
Suppose -631 - 133 = -2*y. What are the prime factors of y?
2, 191
Let h = 6 - 4. Suppose -6*c + 32 = -2*c + 4*m, 42 = 3*c - 3*m. Suppose h*v - c = 15. List the prime factors of v.
13
Let f = -17 + 19. What are the prime factors of 2 + f - (-1 + 0)?
5
Let h(m) = 2*m**2 - 6*m. Let b be h(4). Let t = 13 - b. Let c = t - 3. What are the prime factors of c?
2
Let i(w) = -w - 3. Let n be i(-5). Suppose -n*f + 6 = 0, -2*f + 41 = 2*p + f. What are the prime factors of p?
2
Let b(a) = 23*a + 2. What are the prime factors of b(3)?
71
List the prime factors of (-3)/5 - (-1336)/10.
7, 19
What are the prime factors of (-18)/15*105/(-14)?
3
Let a be (-26)/(-10) - 2/(-5). Suppose -5*i = -5*u - 35, -2*i - 2 = -a*u - 11. List the prime factors of i.
2, 3
List the prime factors of ((-4)/(-3))/(2/72).
2, 3
Suppose -24 + 4 = 5*t. Let v be 18/t*(-4)/6. What are the prime factors of v/(9/12 - 0)?
2
Suppose 0 = x + 5*r + 11, 5*x = -3*r + 4*r - 3. Let a(p) = -33*p - 1. What are the prime factors of a(x)?
2
List the prime factors of 230 + (-7 - -4 - 3).
2, 7
Suppose -3*j = 15, 0*a - 2*a + 30 = 2*j. List the prime factors of ((-6)/(-10))/(2/a).
2, 3
Let k(i) = -i**3 + i**2 + i - 1. Let q be k(1). Suppose q = o - 40 + 7. Suppose 2*p + p - o = 0. What are the prime factors of p?
11
Suppose -28 - 4 = -l. What are the prime factors of l?
2
Let h = -382 + 646. What are the prime factors of h?
2, 3, 11
List the prime factors of 113 + 4 - (1 - -1).
5, 23
Let u = 4 - 2. Let b(p) = 4 - p + u - 1. What are the prime factors of b(-6)?
11
Suppose -c = c + 14. Let k = 10 + c. Suppose 16 + 17 = k*h. What are the prime factors of h?
11
Suppose b + 2*u = -4, 0 = 4*b - 2*u - 19 + 5. Suppose 5 = b*l - 11. Suppose -4*j + l*x - 3*x + 33 = 0, -5*x - 40 = -5*j. List the prime factors of j.
7
Let t(a) be the third derivative of -a**6/120 + a**5/6 + a**4/2 - 3*a**3/2 + 4*a**2. Suppose 0 = 5*g - 5 - 50. What are the prime factors of t(g)?
2
Let h(j) = j**3 + 6*j**2 + 4*j + 3. Let x be (2/2)/((-5)/10). What are the prime factors of h(x)?
11
Suppose 5*z + p - 14 = -2*p, -8 = -3*z - 2*p. Suppose z*c = 2*c + 60. List the prime factors of c.
2, 3, 5
Suppose 4*z = x - 121, -x + 49 = -z + 3*x. Let d = -2 - z. List the prime factors of d.
3
Let p(z) be the first derivative of z**2 - 7*z + 4. Let u be p(5). List the prime factors of (9/(-4))/(u/(-24)).
2, 3
Let l = 78 - 17. What are the prime factors of l?
61
List the prime factors of 4/(-1) + 126/6.
17
Let t = 10 - 6. Suppose 5*s = 4*p - 170, 3*s + 157 + 9 = t*p. List the prime factors of 2/(-3) - p/(-6).
2, 3
Let y = -5 + 8. Suppose -y*j = 8 - 29. What are the prime factors of j?
7
Let r = 12 + -8. Suppose 2*b - r = b. List the prime factors of b.
2
Let y(g) = g**2 - g - 2. Let p be y(3). Suppose -4*n + x + 18 = 0, -p*x = -2*n + 5*n - 4. What are the prime factors of n?
2
Let m(b) = -153*b - 6. List the prime factors of m(-3).
3, 151
Suppose -3*n + 14 = x - 6*n, n = 2*x - 8. Let a = x + 2. Suppose 0 + 12 = a*d. List the prime factors of d.
3
Let p(z) = 19*z - 13. Let y(q) = -9*q + 6. Let h(n) = -6*p(n) - 13*y(n). Suppose -3*u + 4 - 3 = -2*g, 3*u = -g + 4. List the prime factors of h(g).
3
Let x be 34/3 - (-8)/12. Suppose 3*s + 5 = g - 3, 0 = -3*s - 3*g - x. List the prime factors of 6 + (-1 - s)/2.
7
Let a = -15 - -8. Let n(x) = -7*x + 9. Let c be n(a). Suppose -5*t = -3*f + c, 2*f - t = -0*t + 27. What are the prime factors of f?
11
Let r be (18/15)/((-2)/(-5)). Let c(x) = -2 - x + 5 - r*x**3 + 4*x**3. What are the prime factors of c(0)?
3
Let l(o) = -o**3 - 5*o**2 - 2*o - 7. Let a(p) = p**3 - 7*p**2 + 7*p - 8. Let w be a(6). Let u = w - 3. What are the prime factors of l(u)?
3
Let m(k) = k**3 - 6*k**2 + 2*k - 8. Let q = 22 + -16. List the prime factors of m(q).
2
Let k(g) = g**3 + 3*g**2 - g - 4. Let c be k(-4). Let y = c + 29. What are the prime factors of y?
13
Let u be -11 + 8 - (3 - 0). Let l = u - -6. Suppose 3*o + 5*h - 16 = l, 0 = o - h + 6*h + 8. What are the prime factors of o?
2, 3
Let q be (8/(-6))/(6/(-99)). Let z = 10 + q. Suppose -z = -2*h - h - 5*v, 0 = 2*h - v - 4. List the prime factors of h.
2
Suppose -3*p = -0*p. Suppose p*y = y. Suppose -2*f + 5*z = 2*f - 43, y = -2*f - z + 25. What are the prime factors of f?
2, 3
Suppose 2*n - 3*n + 10 = 0. List the prime factors of n.
2, 5
Let h(b) = -2*b. Let x be h(-1). Let k = -4 - x. Let j(o) = o**2 + 6*o + 7. List the prime factors of j(k).
7
Let y be 32/18 - 6/(-27). Let h be ((-1)/y)/(2/(-20)). Suppose 3*s + 6 = h*s. List the prime factors of s.
3
Let r(w) be the first derivative of w**2/2 - 2*w + 2. Let k be r(4). Suppose x - 8 = -k*g - x, -12 = -5*g - x. What are the prime factors of g?
2
Suppose -z + 10 = 4*z - m, m - 10 = -5*z. Let j(c) = -9*c**2 + 3*c - 2. Let u be j(2). What are the prime factors of z/6 - u/3?
11
Suppose -33*y + 996 = -29*y. What are the prime factors of y?
3, 83
Let d = 55 + -12. What are the prime factors of d?
43
Suppose -2*o = -k - 3*o + 8, -4*k - 2*o + 22 = 0. Suppose 4*m - k*r = -r + 12, -3*m + 19 = r. List the prime factors of m.
5
Let a(w) = w**2 - 4*w + 3. Let o be (-1 - 0 - -1) + 5. What are the prime factors of a(o)?
2
Suppose z + 1 = -3, -2*t = -2*z - 36. Let x(m) = m**2 + 6*m + 6. Let k be x(-6). Let j = t - k. List the prime factors of j.
2
Let y = -6 - 0. Let a = y - -9. What are the prime factors of a?
3
Let k(r) be the third derivative of -r**7/1680 - r**6/720 + r**5/20 - 2*r**2. Let z(y) be the third derivative of k(y). List the prime factors of z(-2).
5
Let f(g) = -g**2 - g - 4. Let d be f(-5). Let r = d + 45. List the prime factors of r.
3, 7
Let w(f) be the second derivative of f**2 - 2*f**3 + 0*f**3 + 2*f - f**2. What are the prime factors of w(-1)?
2, 3
Suppose 3*j - j = 6. Suppose -i + 74 = j*b, b = -b + i + 41. Let m = 33 - b. List the prime factors of m.
2, 5
Let d be (-10)/8 + 7/28. Let z = d - -5. What are the prime factors of z?
2
Let n = -170 - -302. List the prime factors of n.
2, 3, 11
Let p(d) = -2*d + 3. Let r be p(-2). What are the prime factors of ((-4)/r)/((-9)/63)?
2
Let u = 140 - 95. List the prime factors of u.
3, 5
Let i = 2 + -2. Suppose 0 = -4*a + 5*y + 90, i*a = 3*a + 3*y - 81. Suppose -4*x - 5 = -a. What are the prime factors of x?
5
Suppose 0*p = -5*p + 285. Suppose -3*o - 6 + p = 0. Suppose j + y = 5, 0 = 4*j - 5*y - o - 21. List the prime factors of j.
7
Let o = -3 + 4. Suppose 16 = w + 3*q, o = 2*w - 4*q - 1. List the prime factors of w.
7
Let c be (-1 - -4) + -5 + -1. Let f = c - -7. What are the prime factors of f/(-12) - 31/(-3)?
2, 5
Let o be ((-2)/4 + 1)*10. Let 